{"id":6568,"date":"2020-08-18T16:53:54","date_gmt":"2020-08-18T16:53:54","guid":{"rendered":"https:\/\/legrape.stcnetwork.ca\/?page_id=6568"},"modified":"2020-09-10T02:41:18","modified_gmt":"2020-09-10T02:41:18","slug":"liens","status":"publish","type":"page","link":"https:\/\/legrape.ca\/index.php\/liens\/","title":{"rendered":"Liens"},"content":{"rendered":"\n<h2 style=\"color: #98005d;\">Liens utiles<\/h2>&nbsp;\n\n\n\n<h3 style=\"color: #98005d;\">211<\/h3>\n<p>Le Service 211 est un service d\u2019information et de r\u00e9f\u00e9rence centralis\u00e9 qui dirige rapidement les personnes vers les ressources qui existent dans les r\u00e9gions de la Capitale-Nationale, de la Chaudi\u00e8re-Appalaches et de la MRC de la Haute-Yamaska.<br>\n<strong><a href=\"http:\/\/www.211quebecregions.ca\" target=\"_blank\" rel=\"noopener noreferrer\">Lien vers le 211<\/a><\/strong><\/p>\n\n\n\n<h3 style=\"color: #98005d;\">ADDSQM<\/h3>\n<p>L\u2019Association pour la d\u00e9fense des droits sociaux Qu\u00e9bec m\u00e9tropolitain (ADDSQM) est un groupe de d\u00e9fense collective des droits des personnes sans emploi ou vivant une situation de pauvret\u00e9.  En priorit\u00e9, elle vise \u00e0 regrouper et \u00e0 d\u00e9fendre les droits des personnes assist\u00e9es sociales dans une approche de conscientisation et d\u2019\u00e9ducation populaire.<br>\n<strong><a href=\"http:\/\/www.addsqm.org\" target=\"_blank\" rel=\"noopener noreferrer\">Lien vers l&rsquo;ADDSQM<\/a><\/strong><\/p>\n\n\n\n<h3 style=\"color: #98005d;\">Association des professionnels de la construction et de l\u2019habitation du Qu\u00e9bec (APCHQ)<\/h3>\n<p>Depuis sa cr\u00e9ation, l\u2019APCHQ \u2013 r\u00e9gion de Qu\u00e9bec s\u2019est donn\u00e9 un triple mandat: repr\u00e9senter et d\u00e9fendre l\u2019industrie, accro\u00eetre le professionnalisme de ses membres par la tenue de diverses activit\u00e9s de formation ou de perfectionnement et promouvoir l\u2019industrie de la construction r\u00e9sidentielle et de la r\u00e9novation par la tenue d\u2019activit\u00e9s promotionnelles.<br>\n<strong><a href=\"https:\/\/www.apchq.com\" target=\"_blank\" rel=\"noopener noreferrer\">Lien vers l&rsquo;APCHQ<\/a><\/strong><\/p>\n\n\n\n<h3 style=\"color: #98005d;\">Association pour la protection des automobilistes (APA)<\/h3>\n<p>L\u2019Association pour la protection des automobilistes (APA) est le meilleur endroit pour obtenir des conseils \u00e0 ce sujet.<br>\n<strong><a href=\"https:\/\/www.apa.ca\" target=\"_blank\" rel=\"noopener noreferrer\">Lien vers l&rsquo;APA<\/a><\/strong><\/p>\n\n\n\n<h3 style=\"color: #98005d;\">BAIL<\/h3>\n<p>\u00ab Le BAIL est une association de locataires mise sur pied en 1970 par des personnes d\u00e9sireuses d\u2019am\u00e9liorer leur milieu de vie. Le groupe lutte pour la reconnaissance et l\u2019am\u00e9lioration des droits des locataires. Le principal objectif est de faire reconna\u00eetre le logement comme un droit fondamental pour toutes et tous.\nLes principaux dossiers de luttes sur lesquels le BAIL travaille sont: le contr\u00f4le des loyers, la qualit\u00e9 des logements, la protection du droit au maintien dans les lieux, la lutte contre la discrimination et l\u2019accessibilit\u00e9 \u00e0 la justice.\nLe BAIL favorise l\u2019autonomie des locataires \u00e0 l\u2019\u00e9gard de la d\u00e9fense de leurs droits par diff\u00e9rents moyens: service d\u2019information, rencontres th\u00e9matiques, \u00e9laboration des dossiers avec les locataires, soutien dans les d\u00e9marches juridiques, r\u00e9f\u00e9rences, formations, etc.\nAm\u00e9liorer ses conditions de logement c\u2019est aussi am\u00e9liorer ses conditions de vie !<br>\n<strong><a href=\"http:\/\/www.lebail.qc.ca\" target=\"_blank\" rel=\"noopener noreferrer\">Lien vers le BAIL<\/a><\/strong><\/p>\n\n\n\n<h3 style=\"color: #98005d;\">Coalition des Associations de Consommateurs du Qu\u00e9bec (CACQ)<\/h3>\n<p>La CACQ est un regroupement provincial d&rsquo;associations de consommateurs qui s&rsquo;unissent autour d&rsquo;une mission et des objectifs communs et qui font alliance pour d\u00e9fendre des int\u00e9r\u00eats communs.<br>\n<strong><a href=\"http:\/\/www.defensedesconsommateurs.org\" target=\"_blank\" rel=\"noopener noreferrer\">Lien vers la CACQ<\/a><\/strong><\/p>\n\n\n\n<h3 style=\"color: #98005d;\">\u00c9conologis<\/h3>\n<p>Un service gratuit en efficacit\u00e9 \u00e9nerg\u00e9tique.\nVous \u00eates propri\u00e9taire ou locataire? Vous aimeriez obtenir des services gratuits pour am\u00e9liorer l\u2019efficacit\u00e9 \u00e9nerg\u00e9tique de votre domicile? Le programme \u00c9conologis est peut-\u00eatre pour vous.\n\u00c9conologis est un programme en efficacit\u00e9 \u00e9nerg\u00e9tique destin\u00e9 aux m\u00e9nages \u00e0 revenu modeste. Il permet de profiter, gratuitement, de conseils personnalis\u00e9s et m\u00eame de l\u2019installation de thermostats \u00e9lectroniques. \n<br>\n<strong><a href=\"http:\/\/www.efficaciteenergetique.gouv.qc.ca\/mon-habitation\/econologis\" target=\"_blank\" rel=\"noopener noreferrer\">Lien vers \u00c9conologis<\/a><\/strong><\/p>\n\n\n\n<h3 style=\"color: #98005d;\">Office municipal d\u2019habitation de Qu\u00e9bec (OMHQ)<\/h3>\n<p>Offrir \u00e0 notre client\u00e8le des logements convenables, int\u00e9gr\u00e9s au tissu urbain, afin d\u2019am\u00e9liorer les conditions de vie des citoyens. \u00bb\nFaire une demande de HLM, vous permettrait d\u2019allouer 25% de votre revenu pour vous loger.<br>\n<strong><a href=\"https:\/\/www.omhq.qc.ca\/\" target=\"_blank\" rel=\"noopener noreferrer\">Lien vers<\/a><\/strong><\/p>\n\n\n\n<h3 style=\"color: #98005d;\">Office de la protection du consommateur<\/h3>\n<p>L\u2019Office de la protection du consommateur est un organisme du gouvernement du Qu\u00e9bec. Nous intervenons aupr\u00e8s des commer\u00e7ants afin qu\u2019ils respectent leurs obligations envers les consommateurs. Notre action vise aussi \u00e0 aider les consommateurs \u00e0 faire des choix \u00e9clair\u00e9s et \u00e0 les informer de leurs droits, de leurs obligations et de leurs recours en cas de probl\u00e8me avec un commer\u00e7ant.<br>\n<strong><a href=\"https:\/\/www.opc.gouv.qc.ca\/\" target=\"_blank\" rel=\"noopener noreferrer\">Lien vers l&rsquo;OPC<\/a><\/strong><\/p>\n\n\n\n<h3 style=\"color: #98005d;\">Ombudsman des assurances de personnes (OAP)<\/h3>\n<p>\u00c0 tout moment, communiquez avec l\u2019OAP pour de l\u2019information g\u00e9n\u00e9rale sur la mani\u00e8re de d\u00e9poser une plainte aupr\u00e8s de votre compagnie d\u2019assurances ou pour que nous examinions votre plainte.\n<br>Notre aide est gratuite, rapide et impartiale. \n<br>\n<strong><a href=\"https:\/\/oapcanada.ca\" target=\"_blank\" rel=\"noopener noreferrer\">Lien vers l&rsquo;OAP<\/a><\/strong><\/p>\n\n\n\n<h3 style=\"color: #98005d;\">Ombudsman des Services Bancaires et d\u2019Investissement (OSBI)<\/h3>\n<p>L\u2019OSBI r\u00e8gle des diff\u00e9rends entre les clients et leurs firmes participantes des secteurs des services bancaires et de l\u2019investissement s\u2019ils ne parviennent pas \u00e0 les r\u00e9gler par eux-m\u00eames. Nous sommes ind\u00e9pendants et impartiaux et nous offrons nos services gratuitement aux consommateurs. <br>\n<strong><a href=\"https:\/\/www.obsi.ca\" target=\"_blank\" rel=\"noopener noreferrer\">Lien vers l&rsquo;OSBI<\/a><\/strong><\/p>\n\n\n\n<h3 style=\"color: #98005d;\">Service de conciliation en assurance de dommages (SCAD)<\/h3>\n<p>Le Service de conciliation en assurance de dommages (SCAD) est un organisme ind\u00e9pendant \u00e9tabli en 2002 dans le but exclusif d\u2019aider les consommateurs canadiens \u00e0 r\u00e9soudre les diff\u00e9rends qui les opposent \u00e0 leur soci\u00e9t\u00e9 d\u2019assurance r\u00e9sidentielle, automobile ou commerciale. <br>\n<strong><a href=\"http:\/\/www.scadcanada.ca\" target=\"_blank\" rel=\"noopener noreferrer\">Lien vers le SCAD<\/a><\/strong><\/p>\n","protected":false},"excerpt":{"rendered":"<p>Liens utiles &nbsp; 211 Le Service 211 est un service d\u2019information et de r\u00e9f\u00e9rence centralis\u00e9 qui dirige rapidement les personnes vers les ressources qui existent dans les r\u00e9gions de la Capitale-Nationale, de la Chaudi\u00e8re-Appalaches et de la MRC de la Haute-Yamaska. Lien vers le 211 ADDSQM L\u2019Association pour la d\u00e9fense des droits sociaux Qu\u00e9bec m\u00e9tropolitain [&hellip;]<\/p>\n","protected":false},"author":1,"featured_media":0,"parent":0,"menu_order":0,"comment_status":"closed","ping_status":"closed","template":"","meta":{"footnotes":""},"class_list":["post-6568","page","type-page","status-publish","hentry"],"_links":{"self":[{"href":"https:\/\/legrape.ca\/index.php\/wp-json\/wp\/v2\/pages\/6568","targetHints":{"allow":["GET"]}}],"collection":[{"href":"https:\/\/legrape.ca\/index.php\/wp-json\/wp\/v2\/pages"}],"about":[{"href":"https:\/\/legrape.ca\/index.php\/wp-json\/wp\/v2\/types\/page"}],"author":[{"embeddable":true,"href":"https:\/\/legrape.ca\/index.php\/wp-json\/wp\/v2\/users\/1"}],"replies":[{"embeddable":true,"href":"https:\/\/legrape.ca\/index.php\/wp-json\/wp\/v2\/comments?post=6568"}],"version-history":[{"count":0,"href":"https:\/\/legrape.ca\/index.php\/wp-json\/wp\/v2\/pages\/6568\/revisions"}],"wp:attachment":[{"href":"https:\/\/legrape.ca\/index.php\/wp-json\/wp\/v2\/media?parent=6568"}],"curies":[{"name":"wp","href":"https:\/\/api.w.org\/{rel}","templated":true}]}}

<h2 style="color: #98005d;">Liens utiles</h2>&nbsp;



<h3 style="color: #98005d;">211</h3>
<p>Le Service 211 est un service d’information et de référence centralisé qui dirige rapidement les personnes vers les ressources qui existent dans les régions de la Capitale-Nationale, de la Chaudière-Appalaches et de la MRC de la Haute-Yamaska.<br>
<strong><a href="http://www.211quebecregions.ca" target="_blank" rel="noopener noreferrer">Lien vers le 211</a></strong></p>



<h3 style="color: #98005d;">ADDSQM</h3>
<p>L’Association pour la défense des droits sociaux Québec métropolitain (ADDSQM) est un groupe de défense collective des droits des personnes sans emploi ou vivant une situation de pauvreté.  En priorité, elle vise à regrouper et à défendre les droits des personnes assistées sociales dans une approche de conscientisation et d’éducation populaire.<br>
<strong><a href="http://www.addsqm.org" target="_blank" rel="noopener noreferrer">Lien vers l&rsquo;ADDSQM</a></strong></p>



<h3 style="color: #98005d;">Association des professionnels de la construction et de l’habitation du Québec (APCHQ)</h3>
<p>Depuis sa création, l’APCHQ – région de Québec s’est donné un triple mandat: représenter et défendre l’industrie, accroître le professionnalisme de ses membres par la tenue de diverses activités de formation ou de perfectionnement et promouvoir l’industrie de la construction résidentielle et de la rénovation par la tenue d’activités promotionnelles.<br>
<strong><a href="https://www.apchq.com" target="_blank" rel="noopener noreferrer">Lien vers l&rsquo;APCHQ</a></strong></p>



<h3 style="color: #98005d;">Association pour la protection des automobilistes (APA)</h3>
<p>L’Association pour la protection des automobilistes (APA) est le meilleur endroit pour obtenir des conseils à ce sujet.<br>
<strong><a href="https://www.apa.ca" target="_blank" rel="noopener noreferrer">Lien vers l&rsquo;APA</a></strong></p>



<h3 style="color: #98005d;">BAIL</h3>
<p>« Le BAIL est une association de locataires mise sur pied en 1970 par des personnes désireuses d’améliorer leur milieu de vie. Le groupe lutte pour la reconnaissance et l’amélioration des droits des locataires. Le principal objectif est de faire reconnaître le logement comme un droit fondamental pour toutes et tous.
Les principaux dossiers de luttes sur lesquels le BAIL travaille sont: le contrôle des loyers, la qualité des logements, la protection du droit au maintien dans les lieux, la lutte contre la discrimination et l’accessibilité à la justice.
Le BAIL favorise l’autonomie des locataires à l’égard de la défense de leurs droits par différents moyens: service d’information, rencontres thématiques, élaboration des dossiers avec les locataires, soutien dans les démarches juridiques, références, formations, etc.
Améliorer ses conditions de logement c’est aussi améliorer ses conditions de vie !<br>
<strong><a href="http://www.lebail.qc.ca" target="_blank" rel="noopener noreferrer">Lien vers le BAIL</a></strong></p>



<h3 style="color: #98005d;">Coalition des Associations de Consommateurs du Québec (CACQ)</h3>
<p>La CACQ est un regroupement provincial d&rsquo;associations de consommateurs qui s&rsquo;unissent autour d&rsquo;une mission et des objectifs communs et qui font alliance pour défendre des intérêts communs.<br>
<strong><a href="http://www.defensedesconsommateurs.org" target="_blank" rel="noopener noreferrer">Lien vers la CACQ</a></strong></p>



<h3 style="color: #98005d;">Éconologis</h3>
<p>Un service gratuit en efficacité énergétique.
Vous êtes propriétaire ou locataire? Vous aimeriez obtenir des services gratuits pour améliorer l’efficacité énergétique de votre domicile? Le programme Éconologis est peut-être pour vous.
Éconologis est un programme en efficacité énergétique destiné aux ménages à revenu modeste. Il permet de profiter, gratuitement, de conseils personnalisés et même de l’installation de thermostats électroniques. 
<br>
<strong><a href="http://www.efficaciteenergetique.gouv.qc.ca/mon-habitation/econologis" target="_blank" rel="noopener noreferrer">Lien vers Éconologis</a></strong></p>



<h3 style="color: #98005d;">Office municipal d’habitation de Québec (OMHQ)</h3>
<p>Offrir à notre clientèle des logements convenables, intégrés au tissu urbain, afin d’améliorer les conditions de vie des citoyens. »
Faire une demande de HLM, vous permettrait d’allouer 25% de votre revenu pour vous loger.<br>
<strong><a href="https://www.omhq.qc.ca/" target="_blank" rel="noopener noreferrer">Lien vers</a></strong></p>



<h3 style="color: #98005d;">Office de la protection du consommateur</h3>
<p>L’Office de la protection du consommateur est un organisme du gouvernement du Québec. Nous intervenons auprès des commerçants afin qu’ils respectent leurs obligations envers les consommateurs. Notre action vise aussi à aider les consommateurs à faire des choix éclairés et à les informer de leurs droits, de leurs obligations et de leurs recours en cas de problème avec un commerçant.<br>
<strong><a href="https://www.opc.gouv.qc.ca/" target="_blank" rel="noopener noreferrer">Lien vers l&rsquo;OPC</a></strong></p>



<h3 style="color: #98005d;">Ombudsman des assurances de personnes (OAP)</h3>
<p>À tout moment, communiquez avec l’OAP pour de l’information générale sur la manière de déposer une plainte auprès de votre compagnie d’assurances ou pour que nous examinions votre plainte.
<br>Notre aide est gratuite, rapide et impartiale. 
<br>
<strong><a href="https://oapcanada.ca" target="_blank" rel="noopener noreferrer">Lien vers l&rsquo;OAP</a></strong></p>



<h3 style="color: #98005d;">Ombudsman des Services Bancaires et d’Investissement (OSBI)</h3>
<p>L’OSBI règle des différends entre les clients et leurs firmes participantes des secteurs des services bancaires et de l’investissement s’ils ne parviennent pas à les régler par eux-mêmes. Nous sommes indépendants et impartiaux et nous offrons nos services gratuitement aux consommateurs. <br>
<strong><a href="https://www.obsi.ca" target="_blank" rel="noopener noreferrer">Lien vers l&rsquo;OSBI</a></strong></p>



<h3 style="color: #98005d;">Service de conciliation en assurance de dommages (SCAD)</h3>
<p>Le Service de conciliation en assurance de dommages (SCAD) est un organisme indépendant établi en 2002 dans le but exclusif d’aider les consommateurs canadiens à résoudre les différends qui les opposent à leur société d’assurance résidentielle, automobile ou commerciale. <br>
<strong><a href="http://www.scadcanada.ca" target="_blank" rel="noopener noreferrer">Lien vers le SCAD</a></strong></p>

<p>Liens utiles &nbsp; 211 Le Service 211 est un service d’information et de référence centralisé qui dirige rapidement les personnes vers les ressources qui existent dans les régions de la Capitale-Nationale, de la Chaudière-Appalaches et de la MRC de la Haute-Yamaska. Lien vers le 211 ADDSQM L’Association pour la défense des droits sociaux Québec métropolitain [&hellip;]</p>
